192.
64
Calculate the greatest common factor of 183 and 23757.
3
What is the highest common divisor of 1183 and 84?
7
Calculate the highest common divisor of 315 and 634221.
63
What is the greatest common factor of 4048 and 100?
4
Calculate the greatest common factor of 344907 and 456.
57
What is the greatest common factor of 510960 and 640?
80
Calculate the highest common factor of 51742 and 1893.
631
Calculate the highest common factor of 58777 and 53.
53
What is the highest common divisor of 1111 and 1331?
11
Calculate the greatest common factor of 3809544 and 24.
24
Calculate the greatest common divisor of 7553 and 5369.
91
Calculate the greatest common factor of 26 and 57629.
13
What is the highest common divisor of 66 and 60566?
22
What is the greatest common factor of 759 and 19113?
69
Calculate the highest common factor of 2209 and 23923.
47
What is the greatest common factor of 35495 and 1705?
155
What is the highest common divisor of 665 and 53295?
95
Calculate the highest common divisor of 4280 and 27080.
40
Calculate the greatest common factor of 64 and 5448.
8
What is the greatest common divisor of 36 and 868236?
12
Calculate the greatest common factor of 3232900 and 4400.
1100
What is the greatest common factor of 720 and 24560?
80
What is the greatest common factor of 109263 and 3784?
473
Calculate the greatest common factor of 192 and 2502432.
96
What is the greatest common factor of 188669 and 39?
13
What is the highest common divisor of 14 and 205786?
14
What is the greatest common factor of 4017 and 15?
3
Calculate the highest common factor of 101748 and 2224.
556
What is the greatest common divisor of 9460 and 670?
10
Calculate the greatest common divisor of 31114 and 2914.
94
What is the greatest common divisor of 136301 and 33?
11
What is the highest common divisor of 1 and 96137?
1
Calculate the greatest common divisor of 18 and 176031.
9
Calculate the highest common factor of 237405 and 3675.
735
What is the highest common divisor of 280195 and 20?
5
Calculate the greatest common factor of 22776 and 61904.
584
What is the greatest common factor of 20028 and 36?
12
Calculate the highest common divisor of 318002 and 3995.
799
What is the highest common divisor of 21825 and 15908?
97
What is the greatest common factor of 35595 and 18774?
63
Calculate the greatest common divisor of 9747 and 18050.
361
What is the highest common divisor of 148137 and 363?
33
What is the greatest common divisor of 94164 and 118?
118
Calculate the greatest common divisor of 1875 and 35.
5
Calculate the greatest common divisor of 6410220 and 3420.
1140
Calculate the highest common factor of 135 and 32070.
15
What is the highest common factor of 32 and 13106?
2
Calculate the highest common factor of 685 and 30.
5
What is the highest common divisor of 55108 and 7360?
92
What is the highest common divisor of 760 and 130150?
190
What is the greatest common divisor of 326458 and 1254?
418
Calculate the highest common factor of 11 and 21981047.
11
Calculate the highest common divisor of 2 and 42722.
2
Calculate the greatest common divisor of 784 and 128.
16
Calculate the highest common divisor of 5436 and 44.
4
What is the highest common divisor of 682 and 74712?
22
Calculate the greatest common divisor of 40208 and 4032.
112
Calculate the highest common factor of 66880 and 78320.
880
What is the greatest common factor of 1536 and 187904?
512
Calculate the greatest common factor of 30623 and 904.
113
Calculate the greatest common factor of 952 and 187.
17
What is the greatest common factor of 213798 and 156?
78
What is the greatest common divisor of 1 and 12893?
1
Calculate the highest common divisor of 2592 and 1228.
4
Calculate the highest common factor of 2400 and 36.
12
Calculate the highest common divisor of 6460 and 6715.
85
What is the highest common factor of 9695 and 595?
35
What is the highest common divisor of 13 and 3019172?
13
What is the greatest common factor of 504 and 567?
63
What is the greatest common divisor of 26824 and 189?
7
What is the greatest common divisor of 40 and 2184?
8
What is the highest common divisor of 194378 and 578?
34
Calculate the highest common divisor of 17360 and 880.
80
What is the highest common divisor of 133200 and 9620?
740
What is the greatest common factor of 54477 and 81?
9
Calculate the greatest common factor of 14476032 and 576.
576
What is the greatest common divisor of 38521 and 189?
7
What is the greatest common divisor of 1420 and 2060?
20
Calculate the highest common divisor of 2790 and 30132.
558
Calculate the highest common factor of 3855558 and 63.
21
Calculate the highest common divisor of 52 and 1485718.
26
Calculate the greatest common factor of 1395 and 181443.
93
What is the greatest common factor of 58404 and 744?
372
What is the highest common factor of 9891 and 2646?
63
What is the greatest common divisor of 1492 and 571063?
373
Calculate the highest common divisor of 2366 and 406.
14
Calculate the highest common divisor of 6615 and 57015.
315
Calculate the highest common factor of 1202475 and 150.
75
Calculate the highest common divisor of 35394 and 1938.
102
Calculate the greatest common factor of 290 and 2105400.
290
Calculate the greatest common factor of 1036 and 5292.
28
Calculate the highest common factor of 230 and 6080.
10
What is the greatest common factor of 9638 and 1037?
61
Calculate the highest common divisor of 398 and 4.
2
What is the highest common divisor of 219 and 5343?
3
What is the greatest common divisor of 1956 and 1500?
12
Calculate the greatest common factor of 571 and 629813.
571
Calculate the highest common divisor of 28000 and 3424.
32
Calculate the highest common factor of 90 and 126360.
90
What is the greatest common factor of 26 and 44213?
13
Calculate the highest common factor of 287025 and 267.
267
Calculate the greatest common factor of 333 and 328671.
333
Calculate the greatest common factor of 231 and 229317.
33
What is the highest common factor of 152 and 12578?
38
Calculate the greatest common factor of 5295 and 4065.
15
Calculate the highest common divisor of 50711 and 7536.
157
What is the greatest common divisor of 111 and 198690?
111
Calculate the highest common divisor of 87291 and 212.
53
Calculate the greatest common factor of 3500 and 13375.
125
What is the highest common factor of 892 and 160114?
446
Calculate the greatest common divisor of 45 and 203085.
45
Calculate the highest common factor of 192 and 152736.
96
What is the greatest common factor of 39951 and 1656?
207
What is the highest common factor of 282 and 28992?
6
Calculate the greatest common divisor of 217792 and 492.
164
Calculate the highest common divisor of 212478 and 18.
6
Calculate the greatest common factor of 20629 and 17738.
49
What is the highest common factor of 24 and 56752?
8
Calculate the highest common divisor of 23014 and 1073.
37
Calculate the greatest common divisor of 34 and 5389.
17
Calculate the highest common divisor of 5269184 and 16.
16
What is the highest common divisor of 437772 and 24?
12
Calculate the highest common divisor of 84 and 670551.
21
Calculate the greatest common factor of 3690 and 25010.
410
What is the highest common divisor of 1100 and 92930?
10
Calculate the highest common divisor of 48 and 4970988.
12
Calculate the highest common factor of 171 and 957999.
57
Calculate the highest common factor of 1763 and 12095.
41
Calculate the highest common factor of 3852 and 252.
36
Calculate the greatest common factor of 30872 and 1.
1
Calculate the greatest common divisor of 703 and 1822879.
703
What is the highest common divisor of 28452 and 48?
12
Calculate the greatest common divisor of 42 and 994.
14
What is the highest common factor of 231 and 31724?
77
Calculate the highest common factor of 2219 and 737659.
317
What is the greatest common divisor of 6400 and 154400?
800
What is the highest common divisor of 5616 and 3939?
39
Calculate the greatest common divisor of 2952352 and 151.
151
What is the greatest common factor of 101003 and 141?
47
Calculate the greatest common divisor of 70 and 752766.
14
Calculate the greatest common divisor of 11715 and 825.
165
What is the greatest common factor of 2624 and 142024?
328
What is the g